{"id":2871,"date":"2016-07-09T20:36:57","date_gmt":"2016-07-09T20:36:57","guid":{"rendered":"http:\/\/zamparfarma.com.br\/Site\/?page_id=2871"},"modified":"2017-06-06T14:35:12","modified_gmt":"2017-06-06T14:35:12","slug":"trabalhe-conosco-2","status":"publish","type":"page","link":"https:\/\/zamparfarma.com.br\/Site\/trabalhe-conosco-2\/","title":{"rendered":"Trabalhe conosco"},"content":{"rendered":"<p>[vc_row][vc_column][vc_column_text]Se voc\u00ea se identificou com a Zampar Farma e quer fazer parte da nossa familia, fa\u00e7a seu cadastro e venha trabalhar conosco![\/vc_column_text]\n<div class=\"wpcf7 no-js\" id=\"wpcf7-f2874-o1\" lang=\"pt-BR\" dir=\"ltr\">\n<div class=\"screen-reader-response\"><p role=\"status\" aria-live=\"polite\" aria-atomic=\"true\"><\/p> <ul><\/ul><\/div>\n<form action=\"\/Site\/wp-json\/wp\/v2\/pages\/2871#wpcf7-f2874-o1\" method=\"post\" class=\"wpcf7-form init\" aria-label=\"Formul\u00e1rios de contato\" enctype=\"multipart\/form-data\" novalidate=\"novalidate\" data-status=\"init\">\n<div style=\"display: none;\">\n<input type=\"hidden\" name=\"_wpcf7\" value=\"2874\" \/>\n<input type=\"hidden\" name=\"_wpcf7_version\" value=\"5.7.7\" \/>\n<input type=\"hidden\" name=\"_wpcf7_locale\" value=\"pt_BR\" \/>\n<input type=\"hidden\" name=\"_wpcf7_unit_tag\" value=\"wpcf7-f2874-o1\" \/>\n<input type=\"hidden\" name=\"_wpcf7_container_post\" value=\"0\" \/>\n<input type=\"hidden\" name=\"_wpcf7_posted_data_hash\" value=\"\" \/>\n<\/div>\n<p>Seu nome (obrigat\u00f3rio)\n<\/p>\n<p><span class=\"wpcf7-form-control-wrap\" data-name=\"your-name\"><input size=\"40\" class=\"wpcf7-form-control wpcf7-text wpcf7-validates-as-required\" aria-required=\"true\" aria-invalid=\"false\" value=\"\" type=\"text\" name=\"your-name\" \/><\/span>\n<\/p>\n<p>Data de Nascimento (obrigat\u00f3rio)\n<\/p>\n<p><span class=\"wpcf7-form-control-wrap\" data-name=\"DatadeNascimento\"><input size=\"40\" class=\"wpcf7-form-control wpcf7-text wpcf7-validates-as-required\" aria-required=\"true\" aria-invalid=\"false\" value=\"\" type=\"text\" name=\"DatadeNascimento\" \/><\/span>\n<\/p>\n<p>CPF (obrigat\u00f3rio)\n<\/p>\n<p><span class=\"wpcf7-form-control-wrap\" data-name=\"CPF\"><input size=\"40\" class=\"wpcf7-form-control wpcf7-text wpcf7-validates-as-required\" aria-required=\"true\" aria-invalid=\"false\" value=\"\" type=\"text\" name=\"CPF\" \/><\/span>\n<\/p>\n<p>RG (obrigat\u00f3rio)\n<\/p>\n<p><span class=\"wpcf7-form-control-wrap\" data-name=\"RG\"><input size=\"40\" class=\"wpcf7-form-control wpcf7-text wpcf7-validates-as-required\" aria-required=\"true\" aria-invalid=\"false\" value=\"\" type=\"text\" name=\"RG\" \/><\/span>\n<\/p>\n<p>Estado Civil (obrigat\u00f3rio)\n<\/p>\n<p><span class=\"wpcf7-form-control-wrap\" data-name=\"EstadoCivil\"><input size=\"40\" class=\"wpcf7-form-control wpcf7-text wpcf7-validates-as-required\" aria-required=\"true\" aria-invalid=\"false\" value=\"\" type=\"text\" name=\"EstadoCivil\" \/><\/span>\n<\/p>\n<p>Naturalidade (obrigat\u00f3rio)\n<\/p>\n<p><span class=\"wpcf7-form-control-wrap\" data-name=\"Naturalidade\"><input size=\"40\" class=\"wpcf7-form-control wpcf7-text wpcf7-validates-as-required\" aria-required=\"true\" aria-invalid=\"false\" value=\"\" type=\"text\" name=\"Naturalidade\" \/><\/span>\n<\/p>\n<p>Nome do Pai (obrigat\u00f3rio)\n<\/p>\n<p><span class=\"wpcf7-form-control-wrap\" data-name=\"NomedoPai\"><input size=\"40\" class=\"wpcf7-form-control wpcf7-text wpcf7-validates-as-required\" aria-required=\"true\" aria-invalid=\"false\" value=\"\" type=\"text\" name=\"NomedoPai\" \/><\/span>\n<\/p>\n<p>Nome da M\u00e3e (obrigat\u00f3rio)\n<\/p>\n<p><span class=\"wpcf7-form-control-wrap\" data-name=\"NomedaMe\"><input size=\"40\" class=\"wpcf7-form-control wpcf7-text wpcf7-validates-as-required\" aria-required=\"true\" aria-invalid=\"false\" value=\"\" type=\"text\" name=\"NomedaMe\" \/><\/span>\n<\/p>\n<p>Endere\u00e7o (obrigat\u00f3rio)\n<\/p>\n<p><span class=\"wpcf7-form-control-wrap\" data-name=\"Endereo\"><input size=\"40\" class=\"wpcf7-form-control wpcf7-text wpcf7-validates-as-required\" aria-required=\"true\" aria-invalid=\"false\" value=\"Rua, n\u00ba\" type=\"text\" name=\"Endereo\" \/><\/span>\n<\/p>\n<p>Bairro (obrigat\u00f3rio)\n<\/p>\n<p><span class=\"wpcf7-form-control-wrap\" data-name=\"Bairro\"><input size=\"40\" class=\"wpcf7-form-control wpcf7-text wpcf7-validates-as-required\" aria-required=\"true\" aria-invalid=\"false\" value=\"\" type=\"text\" name=\"Bairro\" \/><\/span>\n<\/p>\n<p>Cidade (obrigat\u00f3rio)\n<\/p>\n<p><span class=\"wpcf7-form-control-wrap\" data-name=\"Cidade\"><input size=\"40\" class=\"wpcf7-form-control wpcf7-text wpcf7-validates-as-required\" aria-required=\"true\" aria-invalid=\"false\" value=\"\" type=\"text\" name=\"Cidade\" \/><\/span>\n<\/p>\n<p>CEP: (obrigat\u00f3rio)\n<\/p>\n<p><span class=\"wpcf7-form-control-wrap\" data-name=\"CEP\"><input size=\"40\" class=\"wpcf7-form-control wpcf7-text wpcf7-validates-as-required\" aria-required=\"true\" aria-invalid=\"false\" value=\"\" type=\"text\" name=\"CEP\" \/><\/span>\n<\/p>\n<p>UF (obrigat\u00f3rio)\n<\/p>\n<p><span class=\"wpcf7-form-control-wrap\" data-name=\"UF\"><input size=\"40\" class=\"wpcf7-form-control wpcf7-text wpcf7-validates-as-required\" aria-required=\"true\" aria-invalid=\"false\" value=\"\" type=\"text\" name=\"UF\" \/><\/span>\n<\/p>\n<p>Telefone Fixo\n<\/p>\n<p><span class=\"wpcf7-form-control-wrap\" data-name=\"Telefone\"><input size=\"40\" class=\"wpcf7-form-control wpcf7-text wpcf7-tel wpcf7-validates-as-tel\" aria-invalid=\"false\" value=\"(35) 0000-0000\" type=\"tel\" name=\"Telefone\" \/><\/span>\n<\/p>\n<p>Celular (obrigat\u00f3rio)\n<\/p>\n<p><span class=\"wpcf7-form-control-wrap\" data-name=\"Celular\"><input size=\"40\" class=\"wpcf7-form-control wpcf7-text wpcf7-tel wpcf7-validates-as-tel\" aria-invalid=\"false\" value=\"(35) 00000-0000\" type=\"tel\" name=\"Celular\" \/><\/span>\n<\/p>\n<p>Seu e-mail (obrigat\u00f3rio)\n<\/p>\n<p><span class=\"wpcf7-form-control-wrap\" data-name=\"your-email\"><input size=\"40\" class=\"wpcf7-form-control wpcf7-text wpcf7-email wpcf7-validates-as-required wpcf7-validates-as-email\" aria-required=\"true\" aria-invalid=\"false\" value=\"\" type=\"email\" name=\"your-email\" \/><\/span>\n<\/p>\n<p><b>> FORMA\u00c7\u00c3O ACAD\u00caMICA (Caso n\u00e3o tenha curso superior, colocar informa\u00e7\u00f5es do ensino m\u00e9dio e\/ou ensino fundamental).<\/b>\n<\/p>\n<p>Nome da Institui\u00e7\u00e3o\n<\/p>\n<p><span class=\"wpcf7-form-control-wrap\" data-name=\"NomedaInstiruio\"><input size=\"40\" class=\"wpcf7-form-control wpcf7-text\" aria-invalid=\"false\" value=\"\" type=\"text\" name=\"NomedaInstiruio\" \/><\/span>\n<\/p>\n<p>Nome do Curso\n<\/p>\n<p><span class=\"wpcf7-form-control-wrap\" data-name=\"NomedoCurso\"><input size=\"40\" class=\"wpcf7-form-control wpcf7-text\" aria-invalid=\"false\" value=\"\" type=\"text\" name=\"NomedoCurso\" \/><\/span>\n<\/p>\n<p>Ano de Conclus\u00e3o\n<\/p>\n<p><span class=\"wpcf7-form-control-wrap\" data-name=\"AnodeConcluso\"><input size=\"40\" class=\"wpcf7-form-control wpcf7-text\" aria-invalid=\"false\" value=\"\" type=\"text\" name=\"AnodeConcluso\" \/><\/span>\n<\/p>\n<p>Cursos Importantes\n<\/p>\n<p><span class=\"wpcf7-form-control-wrap\" data-name=\"CursosImportantes\"><textarea cols=\"40\" rows=\"10\" class=\"wpcf7-form-control wpcf7-textarea\" aria-invalid=\"false\" name=\"CursosImportantes\"><\/textarea><\/span>\n<\/p>\n<p><b>> HIST\u00d3RICO PROFISSIONAL<\/b>\n<\/p>\n<p><b>> Empresa 1 (\u00daltima empresa ou emprego atual).<\/b>\n<\/p>\n<p>Nome da Empresa 1\n<\/p>\n<p><span class=\"wpcf7-form-control-wrap\" data-name=\"Nomedaempresa1\"><input size=\"40\" class=\"wpcf7-form-control wpcf7-text\" aria-invalid=\"false\" value=\"\" type=\"text\" name=\"Nomedaempresa1\" \/><\/span>\n<\/p>\n<p>Telefone\n<\/p>\n<p><span class=\"wpcf7-form-control-wrap\" data-name=\"Telefonedaempresa1\"><input size=\"40\" class=\"wpcf7-form-control wpcf7-text\" aria-invalid=\"false\" value=\"\" type=\"text\" name=\"Telefonedaempresa1\" \/><\/span>\n<\/p>\n<p>Data de Admiss\u00e3o\n<\/p>\n<p><span class=\"wpcf7-form-control-wrap\" data-name=\"Datadeadmissoempresa1\"><input size=\"40\" class=\"wpcf7-form-control wpcf7-text\" aria-invalid=\"false\" value=\"\" type=\"text\" name=\"Datadeadmissoempresa1\" \/><\/span>\n<\/p>\n<p>Data de Remiss\u00e3o\n<\/p>\n<p><span class=\"wpcf7-form-control-wrap\" data-name=\"DatadeRemissoempresa1\"><input size=\"40\" class=\"wpcf7-form-control wpcf7-text\" aria-invalid=\"false\" value=\"\" type=\"text\" name=\"DatadeRemissoempresa1\" \/><\/span>\n<\/p>\n<p>Cargo Desempenhado\n<\/p>\n<p><span class=\"wpcf7-form-control-wrap\" data-name=\"CargoDesempenhadoempresa1\"><input size=\"40\" class=\"wpcf7-form-control wpcf7-text\" aria-invalid=\"false\" value=\"\" type=\"text\" name=\"CargoDesempenhadoempresa1\" \/><\/span>\n<\/p>\n<p>Atividades\n<\/p>\n<p><span class=\"wpcf7-form-control-wrap\" data-name=\"Atividadesempresa1\"><input size=\"40\" class=\"wpcf7-form-control wpcf7-text\" aria-invalid=\"false\" value=\"\" type=\"text\" name=\"Atividadesempresa1\" \/><\/span>\n<\/p>\n<p><b>> Empresa 2.<\/b>\n<\/p>\n<p>Nome da Empresa 2\n<\/p>\n<p><span class=\"wpcf7-form-control-wrap\" data-name=\"Nomedaempresa2\"><input size=\"40\" class=\"wpcf7-form-control wpcf7-text\" aria-invalid=\"false\" value=\"\" type=\"text\" name=\"Nomedaempresa2\" \/><\/span>\n<\/p>\n<p>Telefone\n<\/p>\n<p><span class=\"wpcf7-form-control-wrap\" data-name=\"Telefoneemp2\"><input size=\"40\" class=\"wpcf7-form-control wpcf7-text wpcf7-tel wpcf7-validates-as-required wpcf7-validates-as-tel\" aria-required=\"true\" aria-invalid=\"false\" value=\"\" type=\"tel\" name=\"Telefoneemp2\" \/><\/span>\n<\/p>\n<p>Data de Admiss\u00e3o\n<\/p>\n<p><span class=\"wpcf7-form-control-wrap\" data-name=\"DatadeAdmissoempresa2\"><input size=\"40\" class=\"wpcf7-form-control wpcf7-text\" aria-invalid=\"false\" value=\"\" type=\"text\" name=\"DatadeAdmissoempresa2\" \/><\/span>\n<\/p>\n<p>Data de Remiss\u00e3o\n<\/p>\n<p><span class=\"wpcf7-form-control-wrap\" data-name=\"DatadeRemissoempresa2\"><input size=\"40\" class=\"wpcf7-form-control wpcf7-text\" aria-invalid=\"false\" value=\"\" type=\"text\" name=\"DatadeRemissoempresa2\" \/><\/span>\n<\/p>\n<p>Cargo Desempenhado\n<\/p>\n<p><span class=\"wpcf7-form-control-wrap\" data-name=\"CargoDesempenhadoempresa2\"><input size=\"40\" class=\"wpcf7-form-control wpcf7-text\" aria-invalid=\"false\" value=\"\" type=\"text\" name=\"CargoDesempenhadoempresa2\" \/><\/span>\n<\/p>\n<p>Atividades\n<\/p>\n<p><span class=\"wpcf7-form-control-wrap\" data-name=\"Atividadesempresa2\"><input size=\"40\" class=\"wpcf7-form-control wpcf7-text\" aria-invalid=\"false\" value=\"\" type=\"text\" name=\"Atividadesempresa2\" \/><\/span>\n<\/p>\n<p><b>> Empresa 3.<\/b>\n<\/p>\n<p>Nome da Empresa 3\n<\/p>\n<p><span class=\"wpcf7-form-control-wrap\" data-name=\"Nomedaempresa3\"><input size=\"40\" class=\"wpcf7-form-control wpcf7-text\" aria-invalid=\"false\" value=\"\" type=\"text\" name=\"Nomedaempresa3\" \/><\/span>\n<\/p>\n<p>Telefone\n<\/p>\n<p><span class=\"wpcf7-form-control-wrap\" data-name=\"telefoneempresa3\"><input size=\"40\" class=\"wpcf7-form-control wpcf7-text wpcf7-validates-as-required\" aria-required=\"true\" aria-invalid=\"false\" value=\"\" type=\"text\" name=\"telefoneempresa3\" \/><\/span>\n<\/p>\n<p>Data de Admiss\u00e3o\n<\/p>\n<p><span class=\"wpcf7-form-control-wrap\" data-name=\"admissoempresa3\"><input size=\"40\" class=\"wpcf7-form-control wpcf7-text wpcf7-validates-as-required\" aria-required=\"true\" aria-invalid=\"false\" value=\"\" type=\"text\" name=\"admissoempresa3\" \/><\/span>\n<\/p>\n<p>Data de Remiss\u00e3o\n<\/p>\n<p><span class=\"wpcf7-form-control-wrap\" data-name=\"remissoempresa3\"><input size=\"40\" class=\"wpcf7-form-control wpcf7-text wpcf7-validates-as-required\" aria-required=\"true\" aria-invalid=\"false\" value=\"\" type=\"text\" name=\"remissoempresa3\" \/><\/span>\n<\/p>\n<p>Cargo Desempenhado\n<\/p>\n<p><span class=\"wpcf7-form-control-wrap\" data-name=\"cargoempresa3\"><input size=\"40\" class=\"wpcf7-form-control wpcf7-text wpcf7-validates-as-required\" aria-required=\"true\" aria-invalid=\"false\" value=\"\" type=\"text\" name=\"cargoempresa3\" \/><\/span>\n<\/p>\n<p>Atividades\n<\/p>\n<p><span class=\"wpcf7-form-control-wrap\" data-name=\"atividadesempresa3\"><input size=\"40\" class=\"wpcf7-form-control wpcf7-text wpcf7-validates-as-required\" aria-required=\"true\" aria-invalid=\"false\" value=\"\" type=\"text\" name=\"atividadesempresa3\" \/><\/span>\n<\/p>\n<p><b>> ANEXO (Caso tenha interesse, pode anexar um Curr\u00edculo com mais informa\u00e7\u00f5es).<\/b>\n<\/p>\n<p><b>Envie seu curriculo em JPG, PNG ou PDF:<\/b>\n<\/p>\n<p><span class=\"wpcf7-form-control-wrap\" data-name=\"Curriculo\"><input size=\"40\" class=\"wpcf7-form-control wpcf7-file\" accept=\".jpg,.png,.pdf\" aria-invalid=\"false\" type=\"file\" name=\"Curriculo\" \/><\/span>\n<\/p>\n<p><b>Entre com o c\u00f3digo abaixo:<\/b>\n<\/p>\n<p><span class=\"wpcf7-form-control-wrap\" data-name=\"captcha-1\"><input size=\"40\" class=\"wpcf7-form-control wpcf7-captchar\" autocomplete=\"off\" aria-invalid=\"false\" value=\"\" type=\"text\" name=\"captcha-1\" \/><\/span><br \/>\n<input type=\"hidden\" name=\"_wpcf7_captcha_challenge_captcha-1\" value=\"1773954292\" \/><img class=\"wpcf7-form-control wpcf7-captchac wpcf7-captcha-captcha-1\" width=\"72\" height=\"24\" alt=\"captcha\" src=\"https:\/\/zamparfarma.com.br\/Site\/wp-content\/uploads\/wpcf7_captcha\/1773954292.png\" \/>\n<\/p>\n<p><input class=\"wpcf7-form-control has-spinner wpcf7-submit\" type=\"submit\" value=\"Enviar\" \/>\n<\/p><div class=\"wpcf7-response-output\" aria-hidden=\"true\"><\/div>\n<\/form>\n<\/div>\n[\/vc_column][\/vc_row]<\/p>\n","protected":false},"excerpt":{"rendered":"<p>[vc_row][vc_column][vc_column_text]Se voc\u00ea se identificou com a Zampar Farma e quer fazer parte da nossa familia, fa\u00e7a seu cadastro e venha trabalhar conosco![\/vc_column_text][\/vc_column][\/vc_row]<\/p>\n","protected":false},"author":1,"featured_media":0,"parent":0,"menu_order":0,"comment_status":"closed","ping_status":"closed","template":"template-contact.php","meta":{"_joinchat":[]},"_links":{"self":[{"href":"https:\/\/zamparfarma.com.br\/Site\/wp-json\/wp\/v2\/pages\/2871"}],"collection":[{"href":"https:\/\/zamparfarma.com.br\/Site\/wp-json\/wp\/v2\/pages"}],"about":[{"href":"https:\/\/zamparfarma.com.br\/Site\/wp-json\/wp\/v2\/types\/page"}],"author":[{"embeddable":true,"href":"https:\/\/zamparfarma.com.br\/Site\/wp-json\/wp\/v2\/users\/1"}],"replies":[{"embeddable":true,"href":"https:\/\/zamparfarma.com.br\/Site\/wp-json\/wp\/v2\/comments?post=2871"}],"version-history":[{"count":4,"href":"https:\/\/zamparfarma.com.br\/Site\/wp-json\/wp\/v2\/pages\/2871\/revisions"}],"predecessor-version":[{"id":3187,"href":"https:\/\/zamparfarma.com.br\/Site\/wp-json\/wp\/v2\/pages\/2871\/revisions\/3187"}],"wp:attachment":[{"href":"https:\/\/zamparfarma.com.br\/Site\/wp-json\/wp\/v2\/media?parent=2871"}],"curies":[{"name":"wp","href":"https:\/\/api.w.org\/{rel}","templated":true}]}}