{"id":384,"date":"2014-01-16T07:19:24","date_gmt":"2014-01-16T07:19:24","guid":{"rendered":"http:\/\/oxy-theme.com\/wp\/oxy\/?page_id=384"},"modified":"2021-02-12T22:04:43","modified_gmt":"2021-02-12T22:04:43","slug":"azamparfarma","status":"publish","type":"page","link":"https:\/\/zamparfarma.com.br\/Site\/azamparfarma\/","title":{"rendered":"A Zamparfarma"},"content":{"rendered":"<p>[vc_row][vc_column][vc_column_text]<\/p>\n<p style=\"text-align: center;\">\n\t\t<!-- MasterSlider -->\n\t\t<div id=\"P_MS69ecd2c879963\" class=\"master-slider-parent ms-parent-id-4\"  >\n\n\t\t\t\n\t\t\t<!-- MasterSlider Main -->\n\t\t\t<div id=\"MS69ecd2c879963\" class=\"master-slider ms-skin-light-3\" >\n\t\t\t\t \t\t\t\t \n\t\t\t<div  class=\"ms-slide\" data-delay=\"4\" data-fill-mode=\"fill\"  >\n\t\t\t\t\t<img src=\"https:\/\/zamparfarma.com.br\/Site\/wp-content\/plugins\/masterslider\/public\/assets\/css\/blank.gif\" alt=\"\" title=\"\" data-src=\"https:\/\/zamparfarma.com.br\/Site\/wp-content\/uploads\/2016\/06\/chiro-7g-02-slider-2-930x150.jpg\" \/>\n\n\t\t\t\t\t<div  class=\"ms-layer  msp-cn-4-15\" style=\"\"   data-effect=\"t(true,150,n,n,n,n,n,n,n,n,n,n,n,n,n)\" data-duration=\"1637\" data-delay=\"1387\" data-ease=\"easeOutExpo\"                data-offset-x=\"-309\" data-offset-y=\"36\" data-origin=\"bc\" data-position=\"normal\" >\n\u00c9 MUITO IMPORTANTE...<\/div>\n\n\t\t\t\t\t<div  class=\"ms-layer  msp-cn-4-1\" style=\"\"   data-effect=\"t(true,n,-250,n,n,n,n,n,n,n,n,-25,n,n,n)\" data-duration=\"3000\"  data-ease=\"easeOutBack\"                data-offset-x=\"-349\" data-offset-y=\"19\" data-origin=\"tc\" data-position=\"normal\" >\nSUA SA\u00daDE...<\/div>\n\n\n\t\t\t\t<\/div>\n\t\t\t<div  class=\"ms-slide\" data-delay=\"4\" data-fill-mode=\"fill\"  >\n\t\t\t\t\t<img src=\"https:\/\/zamparfarma.com.br\/Site\/wp-content\/plugins\/masterslider\/public\/assets\/css\/blank.gif\" alt=\"\" title=\"\" data-src=\"https:\/\/zamparfarma.com.br\/Site\/wp-content\/uploads\/2016\/06\/bg.slider-medicare-930x150.png\" \/>\n\n\t\t\t\t\t<div  class=\"ms-layer  msp-cn-4-10\" style=\"\"   data-effect=\"t(true,n,n,n,n,n,n,n,1.5,1.5,n,n,n,n,n)\"  data-delay=\"1312\" data-ease=\"easeOutBack\"                data-offset-x=\"95\" data-offset-y=\"4\" data-origin=\"tl\" data-position=\"normal\" >\nQUALIDADE<\/div>\n\n\t\t\t\t\t<div  class=\"ms-layer  msp-cn-4-14\" style=\"\"   data-effect=\"t(true,n,n,n,n,n,n,n,1.5,1.5,n,n,n,n,n)\"  data-delay=\"1525\" data-ease=\"easeOutBack\"                data-offset-x=\"95\" data-offset-y=\"37\" data-origin=\"tl\" data-position=\"normal\" >\nDE VIDA<\/div>\n\n\t\t\t\t\t<div  class=\"ms-layer  msp-cn-4-17\" style=\"\"    data-duration=\"837\" data-delay=\"1962\" data-ease=\"easeOutQuint\"                data-offset-x=\"112\" data-offset-y=\"84\" data-origin=\"tl\" data-position=\"normal\" >\n\u00c9 O QUE PROCURAMOS...<\/div>\n\n\n\t\t\t\t<\/div>\n\t\t\t<div  class=\"ms-slide\" data-delay=\"4\" data-fill-mode=\"fill\"  >\n\t\t\t\t\t<img src=\"https:\/\/zamparfarma.com.br\/Site\/wp-content\/plugins\/masterslider\/public\/assets\/css\/blank.gif\" alt=\"\" title=\"\" data-src=\"https:\/\/zamparfarma.com.br\/Site\/wp-content\/uploads\/2016\/06\/oldcouple_slider-1110x406-930x150.jpg\" \/>\n\n\t\t\t\t\t<div  class=\"ms-layer  msp-cn-4-20\" style=\"\"   data-effect=\"t(true,150,n,n,n,n,n,n,n,n,n,n,n,n,n)\" data-duration=\"1450\" data-delay=\"1387\" data-ease=\"easeOutExpo\"                data-offset-x=\"481\" data-offset-y=\"90\" data-origin=\"tl\" data-position=\"normal\" >\nDOS MOMENTOS FELIZES POR MAIS TEMPO.<\/div>\n\n\t\t\t\t\t<div  class=\"ms-layer  msp-cn-4-19\" style=\"\"   data-effect=\"t(true,n,n,-500,n,n,n,n,n,n,n,n,n,n,n)\" data-duration=\"2825\"  data-ease=\"easeOutExpo\"                data-offset-x=\"10\" data-offset-y=\"11\" data-origin=\"tl\" data-position=\"normal\" >\nPARA QUE POSSAMOS DESFRUTAR...<\/div>\n\n\n\t\t\t\t<\/div>\n\t\t\t<div  class=\"ms-slide\" data-delay=\"4\" data-fill-mode=\"fill\"  >\n\t\t\t\t\t<img src=\"https:\/\/zamparfarma.com.br\/Site\/wp-content\/plugins\/masterslider\/public\/assets\/css\/blank.gif\" alt=\"\" title=\"\" data-src=\"https:\/\/zamparfarma.com.br\/Site\/wp-content\/uploads\/2016\/07\/good-health-930x150.jpg\" \/>\n\n\t\t\t\t\t<div  class=\"ms-layer  msp-cn-4-22\" style=\"\"   data-effect=\"t(true,n,n,-500,n,n,n,n,n,n,n,n,n,n,n)\" data-duration=\"1837\" data-delay=\"2137\" data-ease=\"easeOutExpo\"                data-offset-x=\"56\" data-offset-y=\"70\" data-origin=\"tl\" data-position=\"normal\" >\nQUE DESEJAMOS PARA VOC\u00ca!<\/div>\n\n\t\t\t\t\t<div  class=\"ms-layer  msp-cn-4-25\" style=\"\"   data-effect=\"t(true,n,n,-500,n,n,n,n,n,n,n,n,n,n,n)\" data-duration=\"2787\"  data-ease=\"easeOutExpo\"                data-offset-x=\"55\" data-offset-y=\"11\" data-origin=\"tl\" data-position=\"normal\" >\n\u00c9 EXATAMENTE ISSO<\/div>\n\n\n\t\t\t\t<\/div>\n\n\t\t\t<\/div>\n\t\t\t<!-- END MasterSlider Main -->\n\n\t\t\t \n\t\t<\/div>\n\t\t<!-- END MasterSlider -->\n\n\t\t<script>\n\t\t( window.MSReady = window.MSReady || [] ).push( function( $ ) {\n\n\t\t\t\"use strict\";\n\t\t\tvar masterslider_9963 = new MasterSlider();\n\n\t\t\t\/\/ slider controls\n\t\t\tmasterslider_9963.control('arrows'     ,{ autohide:true, overVideo:true  });\n\t\t\tmasterslider_9963.control('bullets'    ,{ autohide:true, overVideo:true, dir:'h', align:'bottom', space:5 , margin:10  });\n\t\t\tmasterslider_9963.control('circletimer',{ autohide:false, overVideo:true, color:'#272727', radius:10, stroke:2   });\n\t\t\tmasterslider_9963.control('timebar'    ,{ autohide:false, overVideo:true, align:'bottom', color:'#4c4c4c'  , width:2 });\n\t\t\t\/\/ slider setup\n\t\t\tmasterslider_9963.setup(\"MS69ecd2c879963\", {\n\t\t\t\twidth           : 930,\n\t\t\t\theight          : 150,\n\t\t\t\tminHeight       : 0,\n\t\t\t\tspace           : 0,\n\t\t\t\tstart           : 1,\n\t\t\t\tgrabCursor      : true,\n\t\t\t\tswipe           : true,\n\t\t\t\tmouse           : true,\n\t\t\t\tkeyboard        : false,\n\t\t\t\tlayout          : \"fullwidth\",\n\t\t\t\twheel           : false,\n\t\t\t\tautoplay        : true,\n\t\t\t\tinstantStartLayers:false,\n\t\t\t\tloop            : true,\n\t\t\t\tshuffle         : false,\n\t\t\t\tpreload         : 2,\n\t\t\t\theightLimit     : true,\n\t\t\t\tautoHeight      : false,\n\t\t\t\tsmoothHeight    : true,\n\t\t\t\tendPause        : false,\n\t\t\t\toverPause       : false,\n\t\t\t\tfillMode        : \"fill\",\n\t\t\t\tcenterControls  : false,\n\t\t\t\tstartOnAppear   : false,\n\t\t\t\tlayersMode      : \"center\",\n\t\t\t\tautofillTarget  : \"\",\n\t\t\t\thideLayers      : false,\n\t\t\t\tfullscreenMargin: 0,\n\t\t\t\tspeed           : 80,\n\t\t\t\tdir             : \"h\",\n\t\t\t\tparallaxMode    : 'swipe',\n\t\t\t\tview            : \"fade\"\n\t\t\t});\n\n\t\t\t\n\t\t\t$(\"head\").append( \"<link rel='stylesheet' id='ms-fonts'  href='\/\/fonts.googleapis.com\/css?family=Lato:300' type='text\/css' media='all' \/>\" );\n\n\t\t\twindow.masterslider_instances = window.masterslider_instances || [];\n\t\t\twindow.masterslider_instances.push( masterslider_9963 );\n\t\t});\n\t\t<\/script>\n\n<\/p>\n<p>[\/vc_column_text][vc_wp_text]<\/p>\n<h3>A ZAMPAR FARMA<\/h3>\n<p>INTRODU\u00c7\u00c3O<\/p>\n<p>A Rede Zampar Farma trabalha com inova\u00e7\u00e3o, \u00e9tica e transpar\u00eancia, resultando na conquista de muitos clientes. Est\u00e1 h\u00e1 mais de 30 anos na cidade primando pela sa\u00fade e uma maior qualidade de vida a toda a popula\u00e7\u00e3o guaranesiana<\/p>\n<p>A Zampar Farma possui tr\u00eas drogarias: a Zampar Farma Sul Mineira, que fica no bairro Bom Jesus, a Zampar Farma Santana, localizada no centro da cidade e a Farmaj\u00f3ia, que fica em Guaxup\u00e9, no bairro Recreio dos Bandeirantes.<\/p>\n<p>A Zampar Farma Sul Mineira apresenta hor\u00e1rio de funcionamento diferenciado.<\/p>\n<p>De segunda a s\u00e1bado das 8:00h \u00e0s 22:00h e, domingos e feriados das 8:00h as 20:00h.<\/p>\n<p>ATENDIMENTO E MIX DE PRODUTOS<\/p>\n<p>Hoje a Zampar Farma conta com um mix de produtos bem diferenciado. H\u00e1 uma linha completa de medicamentos e outros produtos para sa\u00fade, al\u00e9m de dermocosm\u00e9ticos, perfumaria, produtos ortop\u00e9dicos, fitness e higiene.<\/p>\n<p>Al\u00e9m da excel\u00eancia em atendimento, as drogarias tamb\u00e9m oferecem v\u00e1rios servi\u00e7os, como a aferi\u00e7\u00e3o de press\u00e3o arterial, teste de glicemia capilar, aplica\u00e7\u00e3o de injet\u00e1veis, coloca\u00e7\u00e3o de brincos e entregas em domic\u00edlio.<\/p>\n<p>CART\u00d5ES ZAMPAR FARMA<\/p>\n<p>A Zampar Farma trabalha com dois cart\u00f5es pr\u00f3prios. O Cart\u00e3o de cr\u00e9dito Zampar Farma onde voc\u00ea tem 40 dias para pagar sem juros. Al\u00e9m disso, n\u00e3o precisa ter comprovante de renda nem de endere\u00e7o. Tem tamb\u00e9m o Cart\u00e3o Cliente Especial Zampar Farma, onde voc\u00ea tem descontos diferenciados em todos os medicamentos \u00e0 vista. Vantagens assim s\u00f3 mesmo na Zampar Farma.<\/p>\n<p>CONV\u00caNIOS<\/p>\n<p>A Zampar Farma, preocupada com a comodidade do seu cliente, tem v\u00e1rias parcerias que, al\u00e9m de aumentar o desconto do cliente, ainda facilita o pagamento. Aqui, voc\u00ea pode pagar com todas as bandeiras de cart\u00f5es existentes no mercado: Visa, Mastercard, Elo, Sorocred, Brasilcard, Ipsemg e Compremax.<\/p>\n<p>Al\u00e9m disso, a Zampar Farma tem conv\u00eanios com v\u00e1rios laborat\u00f3rios, oferecendo descontos mais atrativos aos seus clientes. Venha conferir!<\/p>\n<p>FARM\u00c1CIA POPULAR<\/p>\n<p>As drogarias da Zampar Farma apresentam o Programa Aqui Tem Farm\u00e1cia Popular, do Governo Federal, onde voc\u00ea compra medicamentos e fraldas geri\u00e1tricas com at\u00e9 90% de desconto; al\u00e9m de v\u00e1rios outros medicamentos que s\u00e3o gratuitos atrav\u00e9s deste programa.<\/p>\n<p>RESPONSABILIDADE SOCIAL<\/p>\n<p>A hist\u00f3ria da Zampar Farma mistura empreendedorismo com responsabilidade social. Al\u00e9m de j\u00e1 ter patrocinado v\u00e1rias entidades e causas, a Zampar Farma atualmente patrocina entidades e atividades que s\u00e3o respons\u00e1veis pela melhoria na qualidade de vida da popula\u00e7\u00e3o guaranesiana.<\/p>\n<p>A Zampar Farma patrocina o Grupo de Capoeira Art-Vida, a Corpora\u00e7\u00e3o Musical de Guaran\u00e9sia, o Grupo de Caminhada Zampar Farma, e ap\u00f3ia a Biblioteca Municipal.<br \/>\nAl\u00e9m disso patrocina todos os anos atletas guaranesianos para participar de maratonas, como a de S\u00e3o Silvestre e o praticante de Jiu Jitsu, Jo\u00e3o Guilherme.[\/vc_wp_text][\/vc_column][\/vc_row]<\/p>\n","protected":false},"excerpt":{"rendered":"<p>[vc_row][vc_column][vc_column_text] [\/vc_column_text][vc_wp_text] A ZAMPAR FARMA INTRODU\u00c7\u00c3O A Rede Zampar Farma trabalha com inova\u00e7\u00e3o, \u00e9tica e transpar\u00eancia, resultando na conquista de muitos clientes. Est\u00e1 h\u00e1 mais de 30 anos na cidade primando pela sa\u00fade e uma maior qualidade de vida a toda a popula\u00e7\u00e3o guaranesiana A Zampar Farma possui tr\u00eas drogarias: a Zampar Farma Sul Mineira,<\/p>\n","protected":false},"author":1,"featured_media":0,"parent":0,"menu_order":0,"comment_status":"closed","ping_status":"closed","template":"","meta":{"_joinchat":[]},"_links":{"self":[{"href":"https:\/\/zamparfarma.com.br\/Site\/wp-json\/wp\/v2\/pages\/384"}],"collection":[{"href":"https:\/\/zamparfarma.com.br\/Site\/wp-json\/wp\/v2\/pages"}],"about":[{"href":"https:\/\/zamparfarma.com.br\/Site\/wp-json\/wp\/v2\/types\/page"}],"author":[{"embeddable":true,"href":"https:\/\/zamparfarma.com.br\/Site\/wp-json\/wp\/v2\/users\/1"}],"replies":[{"embeddable":true,"href":"https:\/\/zamparfarma.com.br\/Site\/wp-json\/wp\/v2\/comments?post=384"}],"version-history":[{"count":16,"href":"https:\/\/zamparfarma.com.br\/Site\/wp-json\/wp\/v2\/pages\/384\/revisions"}],"predecessor-version":[{"id":3027,"href":"https:\/\/zamparfarma.com.br\/Site\/wp-json\/wp\/v2\/pages\/384\/revisions\/3027"}],"wp:attachment":[{"href":"https:\/\/zamparfarma.com.br\/Site\/wp-json\/wp\/v2\/media?parent=384"}],"curies":[{"name":"wp","href":"https:\/\/api.w.org\/{rel}","templated":true}]}}